{"id":645,"date":"2012-08-31T12:42:10","date_gmt":"2012-08-31T12:42:10","guid":{"rendered":"http:\/\/www.f4ctz.fr\/?page_id=645"},"modified":"2015-07-19T09:45:55","modified_gmt":"2015-07-19T07:45:55","slug":"prise-en-main","status":"publish","type":"page","link":"https:\/\/www.f4ctz.fr\/?page_id=645","title":{"rendered":"Prise en main"},"content":{"rendered":"<p style=\"text-align: justify;\">Pour acc\u00e9der \u00e0 toutes les informations sur la BeagleBone, voici quelques liens :<\/p>\n<ul style=\"list-style-type: disc; text-align: justify;\">\n<li><a href=\"http:\/\/beagleboard.org\/bone\">Fiche commerciale<\/a>.<\/li>\n<li><a href=\"http:\/\/elinux.org\/BeagleBone\">Wiki sur eLinux<\/a> (projets, ports d&rsquo;extension, etc.).<\/li>\n<li><a href=\"http:\/\/beagleboard.org\/static\/beaglebone\/latest\/README.htm\">Getting started officiel<\/a> (instructions de d\u00e9marrage, sch\u00e9mas, routages, manuel de r\u00e9f\u00e9rence, etc.).<\/li>\n<\/ul>\n<p style=\"text-align: justify;\">A l&rsquo;ouverture de la boite, voici ce que l&rsquo;on trouve :<\/p>\n<ul style=\"list-style-type: disc; text-align: justify;\">\n<li>La BeagleBone.<\/li>\n<li>Un c\u00e2ble USB mini.<\/li>\n<li>Une carte mini-SD avec un OS Angstrom de d\u00e9mo pr\u00e9-install\u00e9.<\/li>\n<li>Un adaptateur de carte mini-SD vers SD.<\/li>\n<\/ul>\n<p style=\"text-align: justify;\">Avant toute chose et avant la mise sous tension, par pr\u00e9caution j&rsquo;ai pr\u00e9f\u00e9r\u00e9 faire une image compl\u00e8te de la carte mini-SD livr\u00e9 afin de facilement pouvoir revenir en arri\u00e8re en cas mauvaise manipulation dans l&rsquo;OS. Pour cela, j&rsquo;ai utilis\u00e9 sous Win7 un petit utilitaire nomm\u00e9 \u00ab\u00a0<a href=\"https:\/\/launchpad.net\/win32-image-writer\">Win32DiskImager<\/a>\u00ab\u00a0. On peut aussi t\u00e9l\u00e9charger une image <a href=\"http:\/\/beagleboard.org\/latest-images\">ici<\/a>.<\/p>\n<p style=\"text-align: justify;\">Apr\u00e8s la mise sous tension (par la prise DC+5V ou par le mini-USB), plusieurs possibilit\u00e9 s&rsquo;offre \u00e0 l&rsquo;utilisateur pour dialoguer avec la carte :<\/p>\n<ul style=\"list-style-type: disc;\">\n<li>Soit par Ethernet : si votre r\u00e9seau est \u00e9quip\u00e9 d&rsquo;un serveur DHCP, la BeagleBone acqui\u00e8re une adresse IP qu&rsquo;il est possible d&rsquo;utiliser soit directement dans un navigateur Internet et suivre les instructions qui apparaissent \u00e0 l&rsquo;\u00e9cran pour d\u00e9velopper votre propre application directement \u00e0 partir du navigateur, soit dans un terminal SSH (ex: Putty) pour un acc\u00e8s plus bas niveau notamment au syst\u00e8me de fichier.<\/li>\n<li>Soit par le mini-USB : lorsqu&rsquo;on branche la Beaglebone \u00e0 un PC par le port mini-USB, celle-ci est vue comme plusieurs p\u00e9riph\u00e9riques (un stockage externe permettant d&rsquo;acc\u00e9der \u00e0 la partition FAT de la carte mini-SD et \u00e9mulation de port s\u00e9rie) dont un port COM auquel on peut se connecter avec un hyperterminal.<\/li>\n<\/ul>\n","protected":false},"excerpt":{"rendered":"<p>Pour acc\u00e9der \u00e0 toutes les informations sur la BeagleBone, voici quelques liens : Fiche commerciale. Wiki sur eLinux (projets, ports d&rsquo;extension, etc.). Getting started officiel (instructions de d\u00e9marrage, sch\u00e9mas, routages, manuel de r\u00e9f\u00e9rence, etc.). A l&rsquo;ouverture de la boite, voici ce que l&rsquo;on trouve : La BeagleBone. Un c\u00e2ble USB mini. Une carte mini-SD avec [&hellip;]<\/p>\n","protected":false},"author":1,"featured_media":0,"parent":643,"menu_order":0,"comment_status":"closed","ping_status":"closed","template":"","meta":{"footnotes":""},"categories":[],"tags":[197,191,190,192,195,196,193],"class_list":["post-645","page","type-page","status-publish","hentry","tag-arm","tag-arm-cortex","tag-beaglebone","tag-cortex-a8","tag-getting-started","tag-prise-en-main","tag-ti"],"_links":{"self":[{"href":"https:\/\/www.f4ctz.fr\/index.php?rest_route=\/wp\/v2\/pages\/645","targetHints":{"allow":["GET"]}}],"collection":[{"href":"https:\/\/www.f4ctz.fr\/index.php?rest_route=\/wp\/v2\/pages"}],"about":[{"href":"https:\/\/www.f4ctz.fr\/index.php?rest_route=\/wp\/v2\/types\/page"}],"author":[{"embeddable":true,"href":"https:\/\/www.f4ctz.fr\/index.php?rest_route=\/wp\/v2\/users\/1"}],"replies":[{"embeddable":true,"href":"https:\/\/www.f4ctz.fr\/index.php?rest_route=%2Fwp%2Fv2%2Fcomments&post=645"}],"version-history":[{"count":0,"href":"https:\/\/www.f4ctz.fr\/index.php?rest_route=\/wp\/v2\/pages\/645\/revisions"}],"up":[{"embeddable":true,"href":"https:\/\/www.f4ctz.fr\/index.php?rest_route=\/wp\/v2\/pages\/643"}],"wp:attachment":[{"href":"https:\/\/www.f4ctz.fr\/index.php?rest_route=%2Fwp%2Fv2%2Fmedia&parent=645"}],"wp:term":[{"taxonomy":"category","embeddable":true,"href":"https:\/\/www.f4ctz.fr\/index.php?rest_route=%2Fwp%2Fv2%2Fcategories&post=645"},{"taxonomy":"post_tag","embeddable":true,"href":"https:\/\/www.f4ctz.fr\/index.php?rest_route=%2Fwp%2Fv2%2Ftags&post=645"}],"curies":[{"name":"wp","href":"https:\/\/api.w.org\/{rel}","templated":true}]}}