{"id":869,"date":"2013-03-05T13:22:55","date_gmt":"2013-03-05T13:22:55","guid":{"rendered":"http:\/\/www.f4ctz.fr\/?page_id=869"},"modified":"2014-11-21T10:21:46","modified_gmt":"2014-11-21T09:21:46","slug":"yaesu-ft-100","status":"publish","type":"page","link":"https:\/\/www.f4ctz.fr\/?page_id=869","title":{"rendered":"Yaesu FT-100"},"content":{"rendered":"<p style=\"text-align: justify;\"><img loading=\"lazy\" decoding=\"async\" class=\"aligncenter size-full wp-image-893\" src=\"https:\/\/www.f4ctz.fr\/wp-content\/uploads\/ft100.jpg\" alt=\"ft100\" width=\"507\" height=\"200\" srcset=\"https:\/\/www.f4ctz.fr\/wp-content\/uploads\/ft100.jpg 507w, https:\/\/www.f4ctz.fr\/wp-content\/uploads\/ft100-300x118.jpg 300w\" sizes=\"auto, (max-width: 507px) 100vw, 507px\" \/><\/p>\n<p style=\"text-align: justify;\">Comme on peut le voir sur de nombreux forums, le transceiver FT-100 (FT-100D) de Yaesu souffre de nombreux probl\u00e8mes qui peuvent empoisonner l&rsquo;utilisation de cette appareil par des d\u00e9faillances notamment sur les PA de sortie.<\/p>\n<p style=\"text-align: justify;\">En effet, la panne classique est l&rsquo;\u00e9chauffement anormal du transceiver en r\u00e9ception qui peut provoquer une mort pr\u00e9matur\u00e9e des PA. Plusieurs causes en sont l&rsquo;origine :<\/p>\n<ul style=\"text-align: justify;\">\n<li>Les PA sont polaris\u00e9s m\u00eame en r\u00e9ception ce qui g\u00e9n\u00e8re n\u00e9cessairement un \u00e9chauffement. Cependant, les ventilateurs arri\u00e8res ne d\u00e9clenchent pas en r\u00e9ception VHF\/UHF m\u00eame si la temp\u00e9rature monte trop (\u00e0 cause de la polarisation permanente des PA) alors qu&rsquo;en HF\/50MHz c&rsquo;est le cas. Ce probl\u00e8me est connu de Yaesu et de nombreuses modifications circulent sur Internet \u00e0 ce sujet. C&rsquo;est d&rsquo;ailleurs \u00e0 cause de ce point que le FT100 est g\u00e9n\u00e9ralement plus fragile en VHF\/UHF.<\/li>\n<li>Une polarisation de PA mal r\u00e9gl\u00e9e peut acc\u00e9l\u00e9rer les ph\u00e9nom\u00e8nes pr\u00e9c\u00e9demment cit\u00e9s.<\/li>\n<\/ul>\n<p style=\"text-align: justify;\">Si l&rsquo;un de vos PA est mort ou que vous avez un doute sur la normalit\u00e9 de l&rsquo;\u00e9chauffement en r\u00e9ception de votre transceiver, vous trouverez ici les informations n\u00e9cessaires pour refaire les r\u00e9glages d&rsquo;usine des courants de polarisation des diff\u00e9rents PA du FT100. Les r\u00e9glages pr\u00e9sent\u00e9s ici ne sont valables que pour les PA d&rsquo;origine et pas pour les PA de substitution.<\/p>\n<h2 style=\"text-align: justify;\">R\u00e9glage des courants de polarisation<\/h2>\n<p style=\"text-align: justify;\">Le manuel de maintenance donne deux proc\u00e9dures d&rsquo;\u00e9talonnage des PA, une pour la partie HF (MRF255) et l&rsquo;autre pour la partie VHF\/UHF (SRF7043). Malheureusement, ce document officiel de Yaesu n&rsquo;est pas clair et il est impossible d&rsquo;obtenir les valeurs indiqu\u00e9es. Le risque est de mal polariser les PA et de provoquer un \u00e9chauffement et une destruction pr\u00e9matur\u00e9e.<\/p>\n<p style=\"text-align: justify;\">La datasheet du MRF255 indique (page 7 du PDF) qu&rsquo;il lui faut un courant de polarisation de 400mA.<\/p>\n<p style=\"text-align: justify;\">La datasheet du SRF7043 indique qu&rsquo;on atteint le gain et le rendement typiques pour un courant de 2x300mA (2 transistors dans le m\u00eame boitier).<\/p>\n<p style=\"text-align: justify;\"><em><strong>ATTENTION !!!! Les r\u00e9glages qui sont d\u00e9crits ici doivent \u00eatre r\u00e9alis\u00e9s exclusivement si vous savez exactement ce que vous faites et que vous comprenez ce qu&rsquo;implique chaque r\u00e9glage. Si vous avez le moindre doute, ne le faites pas car une erreur peut entrainer la destruction des PA du transceiver. Je ne pourrai \u00eatre tenu pour responsable de l&rsquo;utilisation qui est faite de cet article.<\/strong><\/em><\/p>\n<p style=\"text-align: justify;\">Voil\u00e0 comment j&rsquo;ai proc\u00e9d\u00e9 :<\/p>\n<h3 style=\"text-align: justify;\">PA HF\/50MHz<\/h3>\n<p style=\"text-align: justify;\">Suivre les instructions du manuel de maintenance pour la partie driver (page 6 du PDF, \u00ab\u00a0HF\/50MHz driver section Idling current\u00a0\u00bb).<\/p>\n<p style=\"text-align: justify;\">R\u00e9aliser les deux premiers points indiqu\u00e9s dans le manuel de maintenance dans la section \u00ab\u00a0HF\/50MHz final Idling current adjustment\u00a0\u00bb (page 6 du PDF, installation de l&rsquo;amp\u00e8rem\u00e8tre et param\u00e8trage du transceiver).<\/p>\n<p style=\"text-align: justify;\">NE PAS FAIRE LES DEUX DERNIERS POINTS, proc\u00e9der comme suit.<\/p>\n<p style=\"text-align: justify;\">Basculer le transceiver en \u00e9mission.<\/p>\n<p style=\"text-align: justify;\">R\u00e9gler VR3002 et VR3003 pour obtenir le minimum de courant mesur\u00e9 par l&rsquo;amp\u00e8rem\u00e8tre et noter la valeur de ce courant.<\/p>\n<p style=\"text-align: justify;\">R\u00e9gler ensuite l&rsquo;un des deux potentiom\u00e8tres (VR3002 ou VR3003, cela n&rsquo;a pas d&rsquo;importance par lequel on commence) pour obtenir une augmentation du courant mesur\u00e9 de 400mA par rapport au minimum mesur\u00e9 pr\u00e9c\u00e9demment.<\/p>\n<p style=\"text-align: justify;\">Enfin, r\u00e9gler l&rsquo;autre potentiom\u00e8tre pour atteindre 800mA par rapport \u00e0 la valeur minimum qui avait \u00e9t\u00e9 mesur\u00e9e (400mA au-dessus de la valeur obtenue au point pr\u00e9c\u00e9dent). Attention, ne surtout pas revenir sur le r\u00e9glage du 1e potentiom\u00e8tre, cela d\u00e9s\u00e9quilibrerait l&rsquo;ampli.<\/p>\n<h3 style=\"text-align: justify;\">PA VHF\/UHF<\/h3>\n<p style=\"text-align: justify;\">Suivre les instructions du manuel de maintenance pour la partie driver (page 6 et7 du PDF, \u00ab\u00a0VHF\/UHF driver section Idling current\u00a0\u00bb).<\/p>\n<p style=\"text-align: justify;\">R\u00e9aliser les deux premiers points indiqu\u00e9s dans le manuel de maintenance dans la section \u00ab\u00a0VHF\/UHF final Idling current adjustment\u00a0\u00bb (page 7 du PDF, installation de l&rsquo;amp\u00e8rem\u00e8tre et param\u00e8trage du transceiver).<\/p>\n<p style=\"text-align: justify;\">NE PAS FAIRE LES DEUX DERNIERS POINTS, proc\u00e9der comme suit.<\/p>\n<p style=\"text-align: justify;\">Basculer le transceiver en \u00e9mission.<\/p>\n<p style=\"text-align: justify;\">R\u00e9gler VR3502 pour obtenir le minimum de courant mesur\u00e9 par l&rsquo;amp\u00e8rem\u00e8tre et noter la valeur de ce courant.<\/p>\n<p style=\"text-align: justify;\">R\u00e9gler ensuite VR3502 pour obtenir une augmentation du courant mesur\u00e9 de 600mA par rapport au minimum mesur\u00e9 pr\u00e9c\u00e9demment.<\/p>\n","protected":false},"excerpt":{"rendered":"<p>Comme on peut le voir sur de nombreux forums, le transceiver FT-100 (FT-100D) de Yaesu souffre de nombreux probl\u00e8mes qui peuvent empoisonner l&rsquo;utilisation de cette appareil par des d\u00e9faillances notamment sur les PA de sortie. En effet, la panne classique est l&rsquo;\u00e9chauffement anormal du transceiver en r\u00e9ception qui peut provoquer une mort pr\u00e9matur\u00e9e des PA. [&hellip;]<\/p>\n","protected":false},"author":1,"featured_media":0,"parent":354,"menu_order":0,"comment_status":"closed","ping_status":"closed","template":"","meta":{"footnotes":""},"categories":[],"tags":[265,266,267,126],"class_list":["post-869","page","type-page","status-publish","hentry","tag-50mhz","tag-alignement","tag-alignment","tag-yaesu"],"_links":{"self":[{"href":"https:\/\/www.f4ctz.fr\/index.php?rest_route=\/wp\/v2\/pages\/869","targetHints":{"allow":["GET"]}}],"collection":[{"href":"https:\/\/www.f4ctz.fr\/index.php?rest_route=\/wp\/v2\/pages"}],"about":[{"href":"https:\/\/www.f4ctz.fr\/index.php?rest_route=\/wp\/v2\/types\/page"}],"author":[{"embeddable":true,"href":"https:\/\/www.f4ctz.fr\/index.php?rest_route=\/wp\/v2\/users\/1"}],"replies":[{"embeddable":true,"href":"https:\/\/www.f4ctz.fr\/index.php?rest_route=%2Fwp%2Fv2%2Fcomments&post=869"}],"version-history":[{"count":0,"href":"https:\/\/www.f4ctz.fr\/index.php?rest_route=\/wp\/v2\/pages\/869\/revisions"}],"up":[{"embeddable":true,"href":"https:\/\/www.f4ctz.fr\/index.php?rest_route=\/wp\/v2\/pages\/354"}],"wp:attachment":[{"href":"https:\/\/www.f4ctz.fr\/index.php?rest_route=%2Fwp%2Fv2%2Fmedia&parent=869"}],"wp:term":[{"taxonomy":"category","embeddable":true,"href":"https:\/\/www.f4ctz.fr\/index.php?rest_route=%2Fwp%2Fv2%2Fcategories&post=869"},{"taxonomy":"post_tag","embeddable":true,"href":"https:\/\/www.f4ctz.fr\/index.php?rest_route=%2Fwp%2Fv2%2Ftags&post=869"}],"curies":[{"name":"wp","href":"https:\/\/api.w.org\/{rel}","templated":true}]}}