{"id":891,"date":"2013-04-08T12:51:29","date_gmt":"2013-04-08T12:51:29","guid":{"rendered":"http:\/\/www.f4ctz.fr\/?page_id=891"},"modified":"2016-01-11T13:08:03","modified_gmt":"2016-01-11T12:08:03","slug":"distribution-standard-10mhz","status":"publish","type":"page","link":"https:\/\/www.f4ctz.fr\/?page_id=891","title":{"rendered":"Ampli distribution 10MHz"},"content":{"rendered":"<p><\/p>\n<h2 style=\"text-align: justify;\">Description<\/h2>\n<p style=\"text-align: justify;\">La plus part source rubidium ne pr\u00e9sente g\u00e9n\u00e9ralement qu&rsquo;une seule sortie du signal de r\u00e9f\u00e9rence \u00e0 10MHz alors que dans un laboratoire de mesure RF il est souvent n\u00e9cessaire de mettre un certain nombre d&rsquo;appareils (analyseur de spectre, fr\u00e9quencem\u00e8tre, g\u00e9n\u00e9rateur, analyseur de r\u00e9seaux, etc.) sur cette r\u00e9f\u00e9rence.<\/p>\n<p style=\"text-align: justify;\">Ayant fait l&rsquo;acquisition d&rsquo;un Efratom LPRO-101, j&rsquo;ai donc r\u00e9alis\u00e9 ce montage de distribution avec le cahier des charges suivant :<\/p>\n<p style=\"text-align: justify;\">&#8211; 6 sorties arri\u00e8res 10MHz 50ohms 0dBm.<\/p>\n<p style=\"text-align: justify;\">&#8211; 3 sorties arri\u00e8res 10MHz 300ohms 1Vpp en charge.<\/p>\n<p style=\"text-align: justify;\">&#8211; 1 sortie avant 10MHz 50ohms 0dBm.<\/p>\n<p style=\"text-align: justify;\">&#8211; Amplifier correctement le signal issu du Rubidium pour g\u00e9rer un minimum de distorsions.<\/p>\n<p style=\"text-align: justify;\">&#8211; Isoler et filtrer au moins les alimentations pour se pr\u00e9munir de l&rsquo;injection de bruit de phase.<\/p>\n<p style=\"text-align: justify;\">Le syst\u00e8me s&rsquo;adapte directement sur un module Efratom LPRO-101 mais peut etre utilis\u00e9 avec d&rsquo;autres r\u00e9f\u00e9rences \u00e0 l&rsquo;aide d&rsquo;un cable de liaison.<\/p>\n<p style=\"text-align: center;\"><img loading=\"lazy\" decoding=\"async\" class=\"aligncenter wp-image-902\" src=\"https:\/\/www.f4ctz.fr\/wp-content\/uploads\/IMG_0647-1024x768.jpg\" alt=\"IMG_0647\" width=\"614\" height=\"461\" srcset=\"https:\/\/www.f4ctz.fr\/wp-content\/uploads\/IMG_0647-1024x768.jpg 1024w, https:\/\/www.f4ctz.fr\/wp-content\/uploads\/IMG_0647-300x225.jpg 300w, https:\/\/www.f4ctz.fr\/wp-content\/uploads\/IMG_0647.jpg 2048w\" sizes=\"auto, (max-width: 614px) 100vw, 614px\" \/><\/p>\n<p>Les fichiers Cadsoft Eagle ont \u00e9t\u00e9 sur une version 5.<\/p>\n<h2>Fichiers Cadsoft EAGLE<\/h2>\n<div class=\"attachments\"><dl class=\"attachments attachments-large\"><dt class=\"icon\">\r\n\t<a title=\"Distribution 10MHz - Fichiers Eagle V5\" href=\"https:\/\/www.f4ctz.fr\/?page_id=891&aid=899&sa=1\" >\r\n\t\t<img loading=\"lazy\" decoding=\"async\" src=\"https:\/\/www.f4ctz.fr\/wp-content\/plugins\/eg-attachments\/img\/flags\/file-ext\/zip.png\" width=\"48\" height=\"48\"  alt=\"Distribution 10MHz - Fichiers Eagle V5\" \/>\r\n\t<\/a>\r\n<\/dt>\r\n<dd class=\"caption\">\r\n\t<strong>Titre<\/strong>: <a title=\"Distribution 10MHz - Fichiers Eagle V5\" href=\"https:\/\/www.f4ctz.fr\/?page_id=891&aid=899&sa=1\" >Distribution 10MHz - Fichiers Eagle V5<\/a> (2738 clics)\r\n\t<br \/>\r\n\t<strong>L&eacute;gende<\/strong>: \r\n\t<br \/>\r\n\t<strong>Nom du fichier<\/strong>: distrib_10mhz.zip\r\n\t<br \/>\r\n\t<strong>Taille<\/strong>: 63 Ko\r\n<\/dd>\r\n<\/dl><p><\/p><\/div>\n<h2>Nomenclature<\/h2>\n<table id=\"Nomenclature\">\n<thead>\n<tr>\n<td>Part<\/td>\n<td>Value<\/td>\n<td>Package<\/td>\n<td>Description<\/td>\n<td>FARNELL<\/td>\n<\/tr>\n<\/thead>\n<tbody>\n<tr>\n<td>LD1<\/td>\n<td><\/td>\n<td>5mm<\/td>\n<td>Led Double 5mm Rouge\/Vert<\/td>\n<td>\u00a01581197<\/td>\n<\/tr>\n<tr>\n<td>L1, L2, L3, L4, L5, L6, L7, L8, L9, L10, L11, L12, L13, L14, L15<\/td>\n<td>\u00a0MMZ1608B301C<\/td>\n<td>0603<\/td>\n<td>Perles de ferrite<\/td>\n<td>\u00a01669686<\/td>\n<\/tr>\n<tr>\n<td>C1, C8, C9, C14, C19, C20, C21, C22, C23, C24, C25, C26, C27, C28<\/td>\n<td>1nF<\/td>\n<td>0603<\/td>\n<td>Condensateurs<\/td>\n<td>\u00a01759088<\/td>\n<\/tr>\n<tr>\n<td>C7, C11, C12, C15, C16, C17, C18, C29, C30, C31, C32, C33, C34, C35, C37, C38, C39, C41<\/td>\n<td>10nF<\/td>\n<td>0603<\/td>\n<td>Condensateurs<\/td>\n<td>\u00a01759022<\/td>\n<\/tr>\n<tr>\n<td>C3, C4, C5, C10, C36, C40<\/td>\n<td>22uF<\/td>\n<td>1210<\/td>\n<td>Condensateurs<\/td>\n<td>\u00a02113076<\/td>\n<\/tr>\n<tr>\n<td>C2, C6, C13<\/td>\n<td>100nF<\/td>\n<td>0603<\/td>\n<td>Condensateurs<\/td>\n<td>\u00a01759122<\/td>\n<\/tr>\n<tr>\n<td>R2, R21<\/td>\n<td>2.2K<\/td>\n<td>0603<\/td>\n<td>R\u00e9sistances<\/td>\n<td>\u00a01469765<\/td>\n<\/tr>\n<tr>\n<td>R30, R31<\/td>\n<td>3.3K<\/td>\n<td>0603<\/td>\n<td>R\u00e9sistances<\/td>\n<td>\u00a01469793<\/td>\n<\/tr>\n<tr>\n<td>R7<\/td>\n<td>10<\/td>\n<td>0603<\/td>\n<td>R\u00e9sistance<\/td>\n<td>\u00a01652831<\/td>\n<\/tr>\n<tr>\n<td>R1, R8, R9, R22<\/td>\n<td>10K<\/td>\n<td>0603<\/td>\n<td>R\u00e9sistances<\/td>\n<td>\u00a02073349<\/td>\n<\/tr>\n<tr>\n<td>R10, R11<\/td>\n<td>10K<\/td>\n<td><\/td>\n<td>Potentiom\u00e8tres<\/td>\n<td>\u00a01689863<\/td>\n<\/tr>\n<tr>\n<td>R6<\/td>\n<td>33<\/td>\n<td>0603<\/td>\n<td>R\u00e9sistance<\/td>\n<td>\u00a02059561<\/td>\n<\/tr>\n<tr>\n<td>R12, R13, R14, R15, R16, R17, R18<\/td>\n<td>47<\/td>\n<td>0603<\/td>\n<td>R\u00e9sistances<\/td>\n<td>\u00a02141241<\/td>\n<\/tr>\n<tr>\n<td>R23<\/td>\n<td>68<\/td>\n<td>0603<\/td>\n<td>R\u00e9sistance<\/td>\n<td>\u00a02059570<\/td>\n<\/tr>\n<tr>\n<td>R25<\/td>\n<td>91<\/td>\n<td>0603<\/td>\n<td>R\u00e9sistance<\/td>\n<td>\u00a02141273<\/td>\n<\/tr>\n<tr>\n<td>R5, R24<\/td>\n<td>100<\/td>\n<td>0603<\/td>\n<td>R\u00e9sistances<\/td>\n<td>\u00a09330364<\/td>\n<\/tr>\n<tr>\n<td>R19, R20<\/td>\n<td>270<\/td>\n<td>0603<\/td>\n<td>R\u00e9sistances<\/td>\n<td>\u00a09233300<\/td>\n<\/tr>\n<tr>\n<td>R3, R4<\/td>\n<td>820<\/td>\n<td>0603<\/td>\n<td>R\u00e9sistances<\/td>\n<td>\u00a02059598<\/td>\n<\/tr>\n<tr>\n<td>IC2<\/td>\n<td>78L05F<\/td>\n<td>SOT89<\/td>\n<td>R\u00e9gulateur lin\u00e9aire<\/td>\n<td>\u00a02112604<\/td>\n<\/tr>\n<tr>\n<td>IC1, IC4, IC5, IC6, IC7, IC8, IC9, IC10, IC11, IC12, IC13<\/td>\n<td>MAX4390<\/td>\n<td>SOT23-5L<\/td>\n<td>\u00a0AOP BP 80MHz<\/td>\n<td>\u00a01550544<\/td>\n<\/tr>\n<tr>\n<td>T1, T2<\/td>\n<td>MMBT2222<\/td>\n<td>SOT23<\/td>\n<td>\u00a0Transistors<\/td>\n<td>\u00a01653622<\/td>\n<\/tr>\n<tr>\n<td>J4<\/td>\n<td><\/td>\n<td><\/td>\n<td>Connecteur LPRO-101<\/td>\n<td>\u00a01593490<\/td>\n<\/tr>\n<\/tbody>\n<\/table>\n<h2 style=\"text-align: justify;\">Sch\u00e9ma<\/h2>\n<p style=\"text-align: justify;\"><div class=\"attachments\"><dl class=\"attachments attachments-large\"><dt class=\"icon\">\r\n\t<a title=\"Distribution 10MHZ - Schema\" href=\"https:\/\/www.f4ctz.fr\/?page_id=891&aid=903&sa=1\" >\r\n\t\t<img loading=\"lazy\" decoding=\"async\" src=\"https:\/\/www.f4ctz.fr\/wp-content\/plugins\/eg-attachments\/img\/flags\/file-ext\/pdf.png\" width=\"48\" height=\"48\"  alt=\"Distribution 10MHZ - Schema\" \/>\r\n\t<\/a>\r\n<\/dt>\r\n<dd class=\"caption\">\r\n\t<strong>Titre<\/strong>: <a title=\"Distribution 10MHZ - Schema\" href=\"https:\/\/www.f4ctz.fr\/?page_id=891&aid=903&sa=1\" >Distribution 10MHZ - Schema<\/a> (3879 clics)\r\n\t<br \/>\r\n\t<strong>L&eacute;gende<\/strong>: \r\n\t<br \/>\r\n\t<strong>Nom du fichier<\/strong>: distrib_10mhz_schema.pdf\r\n\t<br \/>\r\n\t<strong>Taille<\/strong>: 34 Ko\r\n<\/dd>\r\n<\/dl><p><\/p><\/div><\/p>\n<h2>Routage<\/h2>\n<p><div class=\"attachments\"><dl class=\"attachments attachments-large\"><dt class=\"icon\">\r\n\t<a title=\"Distribution 10MHz - Implantation\" href=\"https:\/\/www.f4ctz.fr\/?page_id=891&aid=900&sa=1\" >\r\n\t\t<img loading=\"lazy\" decoding=\"async\" src=\"https:\/\/www.f4ctz.fr\/wp-content\/plugins\/eg-attachments\/img\/flags\/file-ext\/pdf.png\" width=\"48\" height=\"48\"  alt=\"Distribution 10MHz - Implantation\" \/>\r\n\t<\/a>\r\n<\/dt>\r\n<dd class=\"caption\">\r\n\t<strong>Titre<\/strong>: <a title=\"Distribution 10MHz - Implantation\" href=\"https:\/\/www.f4ctz.fr\/?page_id=891&aid=900&sa=1\" >Distribution 10MHz - Implantation<\/a> (2820 clics)\r\n\t<br \/>\r\n\t<strong>L&eacute;gende<\/strong>: \r\n\t<br \/>\r\n\t<strong>Nom du fichier<\/strong>: distrib_10mhz_implantation.pdf\r\n\t<br \/>\r\n\t<strong>Taille<\/strong>: 18 Ko\r\n<\/dd>\r\n<\/dl><dl class=\"attachments attachments-large\"><dt class=\"icon\">\r\n\t<a title=\"Distribution 10MHz - PCB\" href=\"https:\/\/www.f4ctz.fr\/?page_id=891&aid=901&sa=1\" >\r\n\t\t<img loading=\"lazy\" decoding=\"async\" src=\"https:\/\/www.f4ctz.fr\/wp-content\/plugins\/eg-attachments\/img\/flags\/file-ext\/pdf.png\" width=\"48\" height=\"48\"  alt=\"Distribution 10MHz - PCB\" \/>\r\n\t<\/a>\r\n<\/dt>\r\n<dd class=\"caption\">\r\n\t<strong>Titre<\/strong>: <a title=\"Distribution 10MHz - PCB\" href=\"https:\/\/www.f4ctz.fr\/?page_id=891&aid=901&sa=1\" >Distribution 10MHz - PCB<\/a> (2820 clics)\r\n\t<br \/>\r\n\t<strong>L&eacute;gende<\/strong>: \r\n\t<br \/>\r\n\t<strong>Nom du fichier<\/strong>: distrib_10mhz_pcb.pdf\r\n\t<br \/>\r\n\t<strong>Taille<\/strong>: 70 Ko\r\n<\/dd>\r\n<\/dl><p><\/p><\/div><\/p>","protected":false},"excerpt":{"rendered":"<p>Description La plus part source rubidium ne pr\u00e9sente g\u00e9n\u00e9ralement qu&rsquo;une seule sortie du signal de r\u00e9f\u00e9rence \u00e0 10MHz alors que dans un laboratoire de mesure RF il est souvent n\u00e9cessaire de mettre un certain nombre d&rsquo;appareils (analyseur de spectre, fr\u00e9quencem\u00e8tre, g\u00e9n\u00e9rateur, analyseur de r\u00e9seaux, etc.) sur cette r\u00e9f\u00e9rence. Ayant fait l&rsquo;acquisition d&rsquo;un Efratom LPRO-101, j&rsquo;ai [&hellip;]<\/p>\n","protected":false},"author":1,"featured_media":0,"parent":351,"menu_order":0,"comment_status":"closed","ping_status":"closed","template":"","meta":{"footnotes":""},"categories":[],"tags":[304,300,335,319,320,334],"class_list":["post-891","page","type-page","status-publish","hentry","tag-10mhz","tag-amplifier","tag-distribution","tag-frequency-standard","tag-lpro","tag-splitter"],"_links":{"self":[{"href":"https:\/\/www.f4ctz.fr\/index.php?rest_route=\/wp\/v2\/pages\/891","targetHints":{"allow":["GET"]}}],"collection":[{"href":"https:\/\/www.f4ctz.fr\/index.php?rest_route=\/wp\/v2\/pages"}],"about":[{"href":"https:\/\/www.f4ctz.fr\/index.php?rest_route=\/wp\/v2\/types\/page"}],"author":[{"embeddable":true,"href":"https:\/\/www.f4ctz.fr\/index.php?rest_route=\/wp\/v2\/users\/1"}],"replies":[{"embeddable":true,"href":"https:\/\/www.f4ctz.fr\/index.php?rest_route=%2Fwp%2Fv2%2Fcomments&post=891"}],"version-history":[{"count":0,"href":"https:\/\/www.f4ctz.fr\/index.php?rest_route=\/wp\/v2\/pages\/891\/revisions"}],"up":[{"embeddable":true,"href":"https:\/\/www.f4ctz.fr\/index.php?rest_route=\/wp\/v2\/pages\/351"}],"wp:attachment":[{"href":"https:\/\/www.f4ctz.fr\/index.php?rest_route=%2Fwp%2Fv2%2Fmedia&parent=891"}],"wp:term":[{"taxonomy":"category","embeddable":true,"href":"https:\/\/www.f4ctz.fr\/index.php?rest_route=%2Fwp%2Fv2%2Fcategories&post=891"},{"taxonomy":"post_tag","embeddable":true,"href":"https:\/\/www.f4ctz.fr\/index.php?rest_route=%2Fwp%2Fv2%2Ftags&post=891"}],"curies":[{"name":"wp","href":"https:\/\/api.w.org\/{rel}","templated":true}]}}